digit of g?
2
Let m(b) = 466*b**2 - 59*b + 182. What is the thousands digit of m(3)?
4
Let g(d) = 12*d**3 - 5*d**2 - 7*d + 5. Let k(t) = 6*t**3 - 2*t**2 - 3*t + 2. Let p(w) = -4*g(w) + 9*k(w). What is the hundreds digit of p(3)?
1
Let d(a) = 2*a**2 - 3*a - 3. Let o be d(-1). Suppose -3*v - o*x = -838, 3*v + 0*x + x - 842 = 0. What is the hundreds digit of v?
2
What is the hundreds digit of 2*3/9 - 19040/(-24)?
7
Suppose 3*q + 2*j - 466 = 0, 3*q + 2*j + 150 = 4*q. What is the tens digit of q?
5
What is the hundreds digit of ((-2015)/(-2))/5 - 16/(-32)?
2
Let k(h) = 8*h**3 - h - 1. Let c be k(-1). What is the units digit of c/(-28) + (-1250)/(-35)?
6
Suppose 6*p - 16 = 2*q + 4*p, 5*q + 2*p + 54 = 0. Let j(h) = 12*h**2 + 4*h**3 - 2*h**2 - 20 + 18 - 3*h**3 - 2*h. What is the units digit of j(q)?
8
Suppose 0 = 5*a - 19 - 1. Suppose a*w - 7*w + 78 = 0. What is the tens digit of 2678/169 - (-4)/w?
1
Let l = -234 - -334. Let q = 156 - l. Let v = q + -20. What is the units digit of v?
6
Let f(d) = 2*d**2 + 10*d - 10. Let u be f(-6). Suppose -4*j + 4 = -4*t, -u*j + 11 = t + j. What is the units digit of t?
2
Suppose -4*b - 4*t + 1007 = -9*b, -3*t + 400 = -2*b. Let r = -29 - b. What is the hundreds digit of r?
1
Let j(u) = u**2 + 2*u - 3. Let o be j(-4). Let k = o - 0. Let x(s) = -s**3 + 7*s**2 - 7*s - 1. What is the tens digit of x(k)?
1
Suppose 0 = 4*n + n - p - 109, -5*p = -3*n + 83. Suppose 4*q - 88 = -4*x, -5*x - 2*q + n = -74. What is the tens digit of x?
1
Let q be (-4)/8 - 4/(32/(-2308)). Suppose 17*w - 5*w = q. What is the tens digit of w?
2
Suppose -12*q + 280 = -16*q. Let p = q + 180. What is the units digit of p?
0
Suppose 8*u + 11 = -173. Let g = u - -117. What is the units digit of g?
4
Suppose 4*a = -a + 4*d + 37, -3*a = 5*d. Suppose -2*u = -u - a. Suppose 5*p + n - 27 = 0, -3*n + 2 = p + u. What is the units digit of p?
6
Suppose -5 = -w - 2. Suppose -4*b + 3*b = 4*o - 84, 0 = -w*b + o + 187. What is the tens digit of b?
6
Let f be (-152)/(-6)*(-6)/(-4). Suppose 3*k + 2*g - f = -k, 0 = 4*g - 20. What is the units digit of k?
7
Let g(t) = -t**2 - t. Let i be g(-1). Suppose i*s + 15 = 5*s. Let f(k) = 4*k. What is the units digit of f(s)?
2
Let f(t) = 137*t + 4. What is the hundreds digit of f(2)?
2
Let u(f) = f**3 - 8*f + 4. Let r be (-1)/(-1)*(-1 + 4). What is the units digit of u(r)?
7
What is the thousands digit of -2025*(-55)/66*(-12)/(-5)?
4
Suppose 5*h - 45 = 5*b + 385, 2*b + 2*h + 172 = 0. Let m = 201 + b. What is the hundreds digit of m?
1
Suppose 5*i = f + 18, i = -2*f - 2*f + 12. Suppose 5*k + 29 = d - 15, -i*d = -k - 100. Let n = -17 + d. What is the units digit of n?
7
Let t be -6*((-32)/3)/2. Suppose -o = -5*o - t. Let z(a) = -a - 6. What is the units digit of z(o)?
2
Let q = 204 - -190. What is the units digit of q?
4
Let m(x) = -x**3 + 4*x**2 + 4*x. Let c be ((-5)/(-2))/((-1)/(-2)). Let s be m(c). Let z = s - -23. What is the tens digit of z?
1
Let c = 4 + -2. Suppose -c*r = -r - 15. Suppose -10*d = -9*d - r. What is the tens digit of d?
1
Suppose 1244 = 2*s + 7*l - 8*l, 5*s - 3121 = -3*l. What is the units digit of s?
3
Suppose 0 = -2*h + 6. Suppose -4 = -h*f + 20. Let k(j) = 5*j + 6. What is the tens digit of k(f)?
4
Let o(p) = p**2 + 18*p + 25. Let f be o(-8). What is the units digit of 10/f - (-2 - 1742/22)?
1
Let p be 2 + -2 + 0 + 3. Suppose 0 = -p*b - 3, 2*i + 0*i = -2*b + 114. What is the tens digit of i?
5
Let y(d) = d**2 - 50. Let t be y(-14). Let z = t + -57. What is the tens digit of z?
8
Let w = -1557 - -2447. What is the tens digit of w?
9
Let f(d) = 2*d**2 + 3*d + 11. What is the tens digit of f(-10)?
8
Let g(x) = 763*x**2 - 4*x - 3. What is the units digit of g(-1)?
4
What is the units digit of 12975/90 + 11 - (-1)/(-6)?
5
Suppose -2*o - 10 = -0*j - 2*j, -5*j = 3*o - 17. Suppose 0 = z + u - 2, -j*u = z - 2*z - 8. Suppose -q - q + 38 = z. What is the units digit of q?
9
Suppose i = -0*i + 5. Suppose -s + i*s - 2*a = 32, s = 2*a + 14. Suppose 2*j + 144 = s*j. What is the units digit of j?
6
Let h(w) = -4 - 31 + 3 - 34*w + 11*w. What is the tens digit of h(-14)?
9
Let g = -241 + 78. Let u = g - -111. Let i = -31 - u. What is the units digit of i?
1
Let t(o) = 15*o + 2. Let r be (-11 + -1)/((-39)/(-104)). Let w be 1/(-4) - 40/r. What is the units digit of t(w)?
7
Let d(j) = -23*j + 568. What is the tens digit of d(0)?
6
Let k be (1 + -7)/3 + 3. Suppose k = 5*s - 34. Let a = s + -6. What is the units digit of a?
1
Let g be (-1)/(26077/13038 + 9 + -11). What is the hundreds digit of g/(-42) - (-4)/7?
3
Let u = 2081 + 982. What is the units digit of u?
3
Suppose 0*w - 2*s + 2183 = 5*w, 3*w = 4*s + 1289. What is the units digit of w?
5
Let u = -9 - -4. Let z be (-23)/u - 6/(-15). Suppose -z*a = i - 1 + 3, 0 = -2*i - a + 41. What is the tens digit of i?
2
Let a = 1 + -7. Let p be a/(-33) + (-336)/33. Let y = -9 - p. What is the units digit of y?
1
Let d(r) = r**3 + 6*r**2 - 7*r + 8. Let i(u) = -3*u**2 + 3*u. Let j be i(2). Let y be d(j). What is the units digit of y - (-1)/((-2)/4)?
8
Let d = 1295 - -1213. What is the hundreds digit of d?
5
Let x = 37 - 165. Let c = -69 - x. What is the units digit of c?
9
Suppose -3*p + 5*f = -15, 3*p = -4*f - 8 - 4. Suppose p = -16*x + 23*x - 931. What is the units digit of x?
3
Let n(y) = -13*y. Let b be n(-2). Let t = b + -4. What is the tens digit of t?
2
Suppose 0 = -2*l + 5*h - 0*h - 14, 2*l = -3*h - 30. Let o = l - -16. Suppose -52 - 4 = -o*y. What is the tens digit of y?
1
What is the tens digit of (-7)/(-35) + 5478/10?
4
Suppose -1791 = -9*g + 8154. What is the tens digit of g?
0
Let q(l) = -96*l - 227. What is the units digit of q(-19)?
7
Suppose 2432 + 20681 = 29*y. What is the units digit of y?
7
Let b(c) = 6*c**2 - 16*c + 36. What is the hundreds digit of b(-9)?
6
What is the tens digit of 36315/(-54)*-4*4/10?
7
Suppose -49951 = -4278*t + 4267*t. What is the units digit of t?
1
Suppose 0*w - 4*w + 1256 = 0. Let h = w - 215. What is the units digit of h?
9
Let v = 118 + 63. What is the tens digit of v?
8
Suppose -2*u + 325 = -441. What is the tens digit of u?
8
Let a(c) = -11*c - 4. Let j(l) = 17*l + 6. Let q(r) = -7*a(r) - 5*j(r). Let i be q(-5). Suppose i*t + 116 = 40*t. What is the units digit of t?
8
Let m = -33 + 37. What is the tens digit of 3 - -54 - (m - 2)?
5
Let l = 1405 + -709. What is the hundreds digit of l?
6
Let q = -23 - -18. Let l = q + 9. Suppose -4*f + 5*z + 99 = 0, 5*f + 17 = -l*z + 151. What is the units digit of f?
6
Let g = 136 - 134. Suppose 3*o - g*o = 230. What is the hundreds digit of o?
2
Suppose 2*i = 88 + 72. Let v be i*1*(4 - 3). Suppose 0 = 5*t - v. What is the tens digit of t?
1
Suppose 4235 = 7*q - 0*q. What is the tens digit of q?
0
What is the tens digit of (-1868)/3*-1*(-12)/(-8)?
3
Let x be -1*8 + 3 + 4. Let r be x/4 + 8643/12. What is the units digit of -1 + 2 + r/15?
9
Let i(f) = -25*f + 190. Let d be i(7). Suppose 4*x + 353 = 5*x. Suppose 8*k - d = x. What is the units digit of k?
6
Let z be 18/(-5) - 20/50. Let k = z + 8. Suppose 9*g - 5 = k*g. What is the units digit of g?
1
Suppose 5*o = -5*u + 622 + 2168, -5*o + 2750 = -5*u. What is the tens digit of o?
5
Suppose -8*a + 675 = 17*a. What is the tens digit of a?
2
Let o(u) = 7*u**2 - 350*u + 22. What is the hundreds digit of o(56)?
3
Let s = 2720 - 94. What is the hundreds digit of s?
6
Suppose 6 = -w + 12. What is the units digit of w?
6
Suppose -458 = -5*d - l - 1894, -5*l = -5*d - 1460. Let n = -181 - d. What is the units digit of n?
7
Let c(f) = f**3 - 4*f**2 + 12*f + 7. What is the tens digit of c(9)?
2
Suppose y - 5*z = -0*y + 24, 0 = -3*z - 9. Let w be -4 - (-168)/y*6. Suppose -2*t + w = -4*a, -3*t + 160 = -0*t - 5*a. What is the units digit of t?
0
Let s(z) = z - 13. Let p(i) = -4*i + 66. Let t(d) = 2*p(d) + 11*s(d). Let x be t(5). Suppose -y - x*y = -35. What is the units digit of y?
7
Let z = 3716 + -1640. What is the units digit of z?
6
Suppose 4*s - 3 = -19. Let q(u) = -12 + 10*u - 24*u + 10. What is the units digit of q(s)?
4
Let d(h) = -h**3 + 14*h**2 - 8*h + 8. What is the hundreds digit of d(9)?
3
Suppose 455 = 57*q - 52*q. What is the tens digit of q?
9
Let y(b) = 198*b**2 - 69*b - 220. What is the units digit of y(-3)?
9
Let g be (-2)/(-10) + (-64)/(-5). Let 